). What is u(y)?
25
Let o(y) = -y + 1 + y**2 - 1. Suppose -121 - 223 = 172*x. Calculate o(x).
6
Suppose -20 = 4*v - 4*o, -o - 6 = 2*v - 8. Let q(f) = 2*f**2 + 3*f - 1. Let n(i) = -i. Let k(m) = v*q(m) - 3*n(m). Calculate k(-2).
-7
Suppose 14252 = 232*i + 171*i + 106*i. Let z(j) be the third derivative of 0 - 5/24*j**4 + 1/120*j**6 + 0*j**3 + i*j**2 - 1/20*j**5 + 0*j. What is z(4)?
-4
Let u(y) = -2*y + 8. Suppose 8*n - 1132 = -2*s + 4*n, -5*n = 5*s - 2810. Let x = s - 552. Calculate u(x).
-4
Let w = -422 - -274. Let f = w - -146. Let y(q) = 2*q. What is y(f)?
-4
Let a(f) be the first derivative of f**3/3 - 3*f**2 + 4*f - 5. Let d(b) = -19*b + 61. Let s be d(3). Determine a(s).
-4
Let o(p) = -p + 45. Let r(g) = -2*g - 9. Let z(i) = o(i) + 3*r(i). What is z(0)?
18
Let m(l) = 5*l - 2. Let v be m(1). Suppose 12 = v*y + 3. Let t(a) = -4*a**2 + 13*a + 2. Let i(p) = 3*p**2 - 11*p - 2. Let h(b) = -5*i(b) - 4*t(b). What is h(y)?
20
Let v(y) = -596*y + y**3 + 590*y - 4 + 6 - 4*y**2. Let p be 24/3*1 + (10 - 14). What is v(p)?
-22
Let v(t) = 14*t + 93. Let a(i) = 259*i - 2338. Let x be a(9). What is v(x)?
-5
Let g(y) be the first derivative of 24 + 0*y**2 + 1/4*y**4 + 13*y + 3*y**3. What is g(-9)?
13
Let h(a) = 9*a + 21. Let d be h(-2). Let c(f) be the third derivative of -14*f**2 + 0 + 0*f - 1/6*f**d + 1/6*f**4 - 1/120*f**6 + 1/20*f**5. Calculate c(4).
-1
Let g(u) be the third derivative of u**6/120 - u**5/12 - u**4/3 + 11*u**3/6 + 2206*u**2. Give g(4).
-37
Let d(h) be the third derivative of -h**5/60 - 7*h**4/12 - 49*h**3/6 - 4312*h**2. Calculate d(-9).
-4
Let r(h) = 7*h**3 - 62*h**2 - 26*h - 5. Let y(c) = 10*c**3 - 88*c**2 - 38*c - 8. Let d(u) = -7*r(u) + 5*y(u). Give d(6).
-53
Let l = 27 - 18. Let v(o) be the first derivative of -5*o - 1/4*o**4 + 8/3*o**3 + 9/2*o**2 - 40. Give v(l).
-5
Let p(k) = k**2 + 5*k - 2. Let j = -255 + 60. Let z = -192 - j. Determine p(z).
22
Let q be (-6 + (-9)/((-27)/22))*-12. Let r(o) = o**2 + 13*o + 6. What is r(q)?
54
Let t(x) be the first derivative of x**4/4 - 3*x**3 - 2*x**2 + 19*x + 1393. Determine t(9).
-17
Let f = 2535 + -2537. Let a(y) be the third derivative of 1/12*y**4 + 1/2*y**3 + 3*y**2 + 0 + 0*y. What is a(f)?
-1
Let x(k) = -20*k**2 + 15*k - 9. Let q be 4/4 - (-12)/2. Let r(c) = -q*c**2 - 2 + 2 + 5*c - 3. Let f(t) = -17*r(t) + 6*x(t). What is f(4)?
1
Let r(a) = -3*a**2 - 14*a - 8. Let f(q) = -173*q + 6224. Let o be f(36). Calculate r(o).
0
Let y(z) be the second derivative of -z**5/120 - 7*z**4/12 + 95*z**3/6 + 3*z + 4. Let d(x) be the second derivative of y(x). What is d(-7)?
-7
Let f be (-186)/(-124)*(12/(-3) + 2). Let g(m) = m**2 - 8*m - 24. Determine g(f).
9
Suppose 0 = -j - 3*x + 5, 5*j = -4*x + 16 + 9. Let w(a) = -17 + 102*a - 100*a + j. What is w(12)?
12
Suppose -5*w + 4 = -6. Suppose -r - 5*l + 10 = 0, 0*r - w*r = -3*l + 19. Let g(b) = 4*b - 7. Calculate g(r).
-27
Let y(d) = d**3 - d**2 + d + 1. Let t(k) = -2 - 36*k**3 + 31*k**3 - 3*k - 3*k - 2*k**2. Let r(f) = t(f) + 4*y(f). Determine r(-5).
-13
Let h be ((-2)/(-28))/(-3 + 22/7). Let b(f) be the second derivative of h*f**2 + 1/6*f**3 + 3/4*f**4 - 17*f + 0. Give b(-1).
9
Let f be -10 - (5 - 10) - -3. Let u(l) = 3*l + 4. Let j(m) = -6*m - 7. Let n(d) = 3*j(d) + 5*u(d). Determine n(f).
5
Let q(b) = -b**3 + 2*b**2 + 4*b - 4. Suppose -12*g + 0*g - 42 + 78 = 0. What is q(g)?
-1
Let d(m) = -m**2 - 4*m + 29. Let t(x) = -9*x + 31. Let b(a) = d(a) - t(a). Let k be 5 + -1*1*1. Determine b(k).
2
Let p = -54 - -71. Let k = p - 13. Let z be 2 + (-5 - -2) - (-4)/k. Let h(a) = -a + 1. Calculate h(z).
1
Let o(c) be the first derivative of c**4/4 + 7*c**3/3 + 5*c**2/2 - 6*c + 2. Let m(s) = 18*s**2 + 131*s + 29. Let t be m(-7). Give o(t).
0
Let c(i) = 75 + 31*i + 23*i + 37 - 45*i - 34. Determine c(-7).
15
Let n(r) = -19*r - 14. Let m be n(6). Let u = -118 - m. Suppose z = -u*z + 3*z. Let v(q) = -q**2 - 6. Determine v(z).
-6
Let k(d) = -5*d**3 - d**2 - 6*d - 8. Let p(s) = -3*s**3 + s**2 - 7*s - 11. Let z(u) = 2*k(u) - 3*p(u). Determine z(-6).
-1
Let g(u) be the first derivative of 1/6*u**3 - 27*u + 0*u**2 + 16. Let j(t) be the first derivative of g(t). Calculate j(3).
3
Let k(y) = -45*y - 3964 + 4043 + 15*y + 0*y**3 - y**3 - 34*y**2. What is k(-33)?
-20
Let h(t) be the second derivative of -4*t**5/5 - t**3/6 + t**2 - 1414*t. Give h(1).
-15
Let v be (-4)/26 - -1*(-54)/(-13). Let u(q) = -118*q + 236*q - 119*q - v. Calculate u(0).
-4
Let u(v) = -2*v**2 + 27*v + 3. Let m be (-18)/(-12*(-7)/(-56)). What is u(m)?
39
Let w(l) = 20 - 198*l - 8*l**2 + 15*l**2 + 380*l - 8*l**2 - 191*l. Determine w(-15).
-70
Let i(g) = 2*g**2 + 34*g + 124. Let p(b) = -3*b**2 - 51*b - 186. Let x(t) = -7*i(t) - 5*p(t). What is x(-13)?
10
Let p be (1 - (1 + 0)) + 3*3. Suppose 0 = -3*v - r - p, -3*v - 2*r - 7 = 2. Let y(w) be the first derivative of 2*w**2 + w + 50. Give y(v).
-11
Suppose -138 = 11*b - 424. Let d(c) = 2*c + 12 + c + 3 - b - 4*c. Determine d(-7).
-4
Let w(a) = 0 - a - 7 - 8 - a**2 + 13. Suppose c + 8 - 30 = -4*g, -2*g = 2*c - 20. Suppose 2*h = -4*s + 28, c*s - s - 29 = -h. Give w(h).
-22
Let n(b) = -2*b**2 + 37*b + 3 + 8*b**2 - 9*b**2 - 3 - 4. Determine n(12).
8
Let v(q) be the third derivative of q**4/12 + q**3/6 - q**2. Suppose 8*p - 17*p - 30*p + 78 = 0. Determine v(p).
5
Suppose 6*k - 8 - 10 = 0. Suppose -7 = -k*g + 2. Suppose g*f - 4*y - 14 = 0, 0 = -3*f + 3*y + 10 - 1. Let o(x) = x**3 - 2*x. Determine o(f).
-4
Let m be ((-12)/(-9))/4*0. Let z(j) be the first derivative of -5*j + 4 + 1/2*j**2. Give z(m).
-5
Let h(g) = 3*g + 3. Let o(j) = j + 17. Let m be o(-7). Let a be m/(-2) - (-11 + -3 + 5). Determine h(a).
15
Let u(j) = -95*j - 38. Let b(f) = -160*f - 76. Let l(t) = 3*b(t) - 5*u(t). Give l(-7).
-3
Let s(p) = -3*p - 20 - 10*p**2 + 1056*p**3 - 7 - 1057*p**3. Calculate s(-10).
3
Let p(l) = -l**3 + 5*l**2 - 5*l + 25. Suppose -4*r + 5*y - 10 = 0, 40 = -2*r + 4*r + 5*y. Calculate p(r).
0
Suppose 22*t - 68 = 680. Suppose -24*k + t*k - 100 = 0. Let j(q) = -3*q + 12. What is j(k)?
-18
Let n = 144 - 141. Let j(m) = 6*m + 1 - n - 5*m + 4. Calculate j(-4).
-2
Suppose -3*i - 22 = -2*w, w - 3*i - 2*i - 25 = 0. Let g(n) = -n**2 - 32*n + 180. What is g(w)?
-5
Let m(j) = -j**3 + 2*j - 1. Let c(p) = p**2 + 2*p - 4. Let a be c(0). Let g(w) = -4 + 2*w - 15*w**2 + 5 - 7 + 16*w**2. Let s be g(a). Determine m(s).
-5
Let m(z) = 4*z + 1. Suppose 4*t + 16 = -4*s, 27*t + 38 = -5*s + 31*t. What is m(s)?
-23
Let g(b) = -4*b**2 - 4*b - 2. Let k be 172/5 + 10/(-25)*1. Suppose -k = 11*n + 6*n. Calculate g(n).
-10
Let z(i) be the second derivative of -1 - 8*i - 1/2*i**3 + 1/2*i**2. Suppose -3*m = 5*g + 3, m - 4*g - 24 = -2*m. Give z(m).
-11
Let u(w) = 182*w + 1. Let o(n) = 1642*n - 18. Let t(f) = -o(f) + 9*u(f). Let a = 25 - 17. Calculate t(a).
-5
Let f(z) = 5*z - 6. Let k = -9207 - -9201. Determine f(k).
-36
Let q be (14*1)/(83/(-14) - -6). Let h(k) = -404 + q - k**2 + 12*k + 203. Determine h(11).
6
Suppose -49 - 21 = 5*t. Let d(n) be the third derivative of n**6/120 + 13*n**5/60 - 2*n**4/3 - 4*n**3 - 1756*n**2. Calculate d(t).
4
Let l(n) = n**3 - n**2 + 5*n + 1. Suppose 28*u - 11*u = 0. Determine l(u).
1
Let f(c) = -33*c - 29. Suppose -76*v - 4 - 62 = -10*v. What is f(v)?
4
Let c = 12908 + -25807/2. Let f(v) be the first derivative of 23 + 10*v - c*v**2 + 1/3*v**3. Give f(7).
-4
Let n(v) = 13 + 2*v - 8 + 2. Let q be n(-6). Let t(r) = r**2 + 4*r + 5. Calculate t(q).
10
Let b be 18/(-4)*((-24)/(-9) + -2). Let w(f) = -f. Let v be w(b). Let x(a) = 4 + 21*a**2 + v*a - 3 - 20*a**2 - 2. Give x(-4).
3
Suppose 2*n + 0*n - v = 41, 2*v - 6 = 0. Suppose -2*u - 4*u = -318. Let s(m) = u - 27 - n + m. Give s(-4).
0
Let v(c) = 32 - 25*c**2 - 53*c**3 + 52*c**3 - 44 + 12*c**2 - c. Give v(-13).
1
Let f(w) be the third derivative of w**4/3 + 11*w**3 + 47*w**2 - w. Let m be f(-9). Let b(k) = 3*k + 13. Determine b(m).
-5
Let r(l) = 13*l**3 + 15*l**3 - 28 + 3*l**3 + 13*l**2 + 9*l - 30*l**3 - 40*l. Give r(-15).
-13
Let v(j) = j**3 + 8*j**2 + 6*j - 6. Let y = 107 + -72. Suppose -y*a + 40*a = 20. Let h be 2 - (2 - -3) - a. What is v(h)?
1
Let t(q) be the third derivative of -5*q**4/12 - 44*q**3/3 + 2032*q**2. Determine t(-9).
2
Let d(w) = -351*w**3 + 691*w**3 - 341*w**3 + 2*w + 5 - 9*w**2. Calculate d(-9).
-13
Let x(g) = -g**3 -